{"id":1607,"date":"2024-06-09T11:20:33","date_gmt":"2024-06-09T09:20:33","guid":{"rendered":"https:\/\/krakowforyou.pl\/faq\/od-ktorej-mozna-sie-zameldowac-i-do-ktorej-trzeba-sie-wymeldowac\/"},"modified":"2026-02-03T14:11:51","modified_gmt":"2026-02-03T12:11:51","slug":"od-ktorej-mozna-sie-zameldowac-i-do-ktorej-trzeba-sie-wymeldowac","status":"publish","type":"faq","link":"https:\/\/krakowforyou.com\/pl\/faq\/od-ktorej-mozna-sie-zameldowac-i-do-ktorej-trzeba-sie-wymeldowac\/","title":{"rendered":"Od kt\u00f3rej mo\u017cna si\u0119 zameldowa\u0107 i do kt\u00f3rej trzeba si\u0119 wymeldowa\u0107?"},"content":{"rendered":"\n<p>Zameldowa\u0107 mo\u017cna si\u0119 od godziny 15:00 (chyba, \u017ce apartament jest wcze\u015bniej gotowy), natomiast wymeldowa\u0107 nale\u017cy si\u0119 do godziny 11:00.<\/p>\n","protected":false},"template":"","class_list":["post-1607","faq","type-faq","status-publish","hentry"],"meta_box":[],"_links":{"self":[{"href":"https:\/\/krakowforyou.com\/pl\/wp-json\/wp\/v2\/faq\/1607","targetHints":{"allow":["GET"]}}],"collection":[{"href":"https:\/\/krakowforyou.com\/pl\/wp-json\/wp\/v2\/faq"}],"about":[{"href":"https:\/\/krakowforyou.com\/pl\/wp-json\/wp\/v2\/types\/faq"}],"wp:attachment":[{"href":"https:\/\/krakowforyou.com\/pl\/wp-json\/wp\/v2\/media?parent=1607"}],"curies":[{"name":"wp","href":"https:\/\/api.w.org\/{rel}","templated":true}]}}

Od której można się zameldować i do której trzeba się wymeldować?

<p>Zameldować można się od godziny 15:00 (chyba, że apartament jest wcześniej gotowy), natomiast wymeldować należy się do godziny 11:00.</p>
